
Suppose 7*s - 21 = -105. Let b = 13 + s. Let o(r) = 2*r**2 - 108*r + 106*r + b - r**2. Determine o(1).
0
Let r(u) = 22*u**3 - u. Suppose 607 = -l + 612. Suppose -12 + 7 = l*h. Give r(h).
-21
Let v(k) = 8*k + 37. Let j(n) = n + 1. Let h(x) = -16*j(x) + v(x). Give h(-11).
109
Let k(o) = 3*o + 22816*o**2 - 11406*o**2 - 11413*o**2 + o**3 + 1. Suppose m = 5*m - 16. Calculate k(m).
29
Let x(i) = -2*i**3 + 5*i**2 - 2*i + 1. Let k(h) = -4*h - 24. Let z(d) = 8*d + 49. Let u(a) = 5*k(a) + 3*z(a). Let b be u(-6). What is x(b)?
-14
Suppose 0 = -9*m + 9 - 0. Let g be ((-2)/5)/m*-5. Let b(u) = 31*u**2 - 5*u. Let j(p) = -6*p**2 + p. Let w(x) = 2*b(x) + 11*j(x). Determine w(g).
-14
Let s(u) = -u**3 - u**2 + 7. Suppose -2914*o + 84 = -2886*o. Give s(o).
-29
Let o(k) = 2*k**2 + 3*k + 1. Let a(n) = 4*n**2 - 8*n - 32. Let r be a(4). Suppose r = 9*m + 25 - 7. Calculate o(m).
3
Let h = -3 + 5. Let q(d) = -d**2 + 5*d - 3. Let s be q(2). Let o(i) = -s*i - 2 - h - 4 + 3. Calculate o(-6).
13
Let l(g) = 25*g - 2569. Let h be l(103). Let r(p) = p**2 + 3*p - 39. Determine r(h).
15
Let f(n) = -117*n + 59*n + n**2 + 63*n. Let y = 9 + 7. Let l = y - 20. Give f(l).
-4
Let c(i) = -15*i - 2. Let a(j) = 32*j + 4. Suppose -6*v - 50 - 4 = 0. Let q(l) = v*c(l) - 4*a(l). Calculate q(-1).
-5
Let x(v) = v**2 + 7*v + 24. Suppose 490 = -58*g - 40*g. What is x(g)?
14
Let r(y) = y**3 + 6*y**2 + 7*y + 4. Let p be r(-5). Let h(g) be the second derivative of 2*g**3/3 + 9*g**2/2 + 4*g - 6. Calculate h(p).
-15
Let g(i) = 9*i - 3 + 0 - 18*i. Let p = -45 - -43. Determine g(p).
15
Suppose -2*y + 0 = 12. Let z be ((-2)/4)/(y/84). Suppose z - 1 = 3*u. Let f(k) = -2*k**2 + k. Determine f(u).
-6
Let q(f) = -11*f**2 - 18*f + 3. Let g(p) = -7*p**2 - 12*p + 2. Let l(k) = -8*g(k) + 5*q(k). Let s = -9615 + 9608. Calculate l(s).
6
Suppose u = -2*w + 5*u + 122, -w + 5*u + 46 = 0. Let k = w + -61. Suppose -k*j + 7 = 77. Let m(q) = -q**2 - 7*q + 7. Determine m(j).
7
Let a = 14 - 15. Let v be (a*2 - 14/(-14)) + -5. Let l(w) = w**3 + 7*w**2 + 4*w - 11. Give l(v).
1
Suppose -2*u + 3 = -3. Let d = 998 + -996. Let v(z) = -z + 27 - 10 - 13 - 7 - d*z. What is v(u)?
-12
Let r(x) be the third derivative of -x**6/40 - x**5/60 - x**4/24 - x**3/6 - 6*x**2 + 554. Determine r(-1).
2
Suppose 54*g + 495 = 219*g. Let r(u) = -u**3 + u**2 + u + 7. Calculate r(g).
-8
Let f(d) = -d**3 + 4*d**2 + d + 6. Let a be f(5). Let b = a - -9. Let p(i) be the second derivative of -i**4/12 - 5*i**3/6 + 3*i**2 - 3145*i. Calculate p(b).
6
Let i(w) = -3*w**2 + 0*w + w - 3951474 + 3951474. Calculate i(4).
-44
Let y = -5608 + 5621. Let w(o) = 3*o - 22. Give w(y).
17
Let y(h) = -134*h + 1753. Let c be y(13). Let z(b) = b**3 - 10*b**2 - 7*b - 27. Determine z(c).
17
Let k(j) = -j**3 - 5*j**2 - 2*j + 4. Let x(t) = t**2 + 4*t. Let r be x(-5). Let a(z) = -5 - 97*z + 7 - 3 + 96*z + 2. Let d be a(r). Calculate k(d).
-4
Let m(f) = 249*f + 113. Let c(u) = -71*u - 37. Let b(q) = -7*c(q) - 2*m(q). What is b(22)?
11
Let r(k) = -9*k**2 - k + 8. Let l = -10043 + 10045. Give r(l).
-30
Let l(b) = -12*b - 1. Let h(f) = 26*f + 4. Let o(s) = -4*h(s) - 9*l(s). Determine o(5).
13
Let h(c) = 538*c - 1064. Let d be h(2). Let s(k) = -k**3 + 13*k**2 - 36*k + 285. Calculate s(d).
-3
Let w(z) = z + 14. Let k(p) = p + 11. Let r(x) = -5*k(x) + 4*w(x). Suppose 3*u = -u - 20, 15 = 2*v - 5*u. Calculate r(v).
6
Let h be (0 + 1)*2*42/(-4). Let a be -5 - 190/(-35) - 12/h. Let c be ((-2)/2 + a)/1. Let w(x) = x - 5. Calculate w(c).
-5
Let s(h) = -h**3 + 10*h**2 - h + 12. Let m(i) = -i**2 + 6*i + 7. Let x be m(-1). Suppose x = -2*w + 2*d + 7 + 23, -4*w = -d - 45. Give s(w).
2
Let x(w) = 2*w**3 + 16*w**2 + 22*w - 2. Let i be x(-2). Let s be (-2)/8 + (-218)/(-8). Let d(v) = -i - 28*v + s*v + 2 - 4. What is d(-6)?
2
Suppose 0 = c + 5*b - 6, 137*b + 1 = -3*c + 141*b. Let m(h) = -1 + 4*h**3 + 8*h - 7*h - 12*h**3. What is m(c)?
-8
Let n(r) = -2*r**2 + r - 9. Let f = -4430 + 4430. Give n(f).
-9
Let r = 0 + 5. Let h(g) = 13*g + 23 + 14*g - 12 - 7 - 28*g. What is h(r)?
-1
Let l(n) = 22*n**3 - 3*n**2 - 27*n - 5. Let m(q) = -8*q**3 + q**2 + 11*q + 2. Let b(g) = -2*l(g) - 5*m(g). Determine b(2).
-30
Let i(t) = -12*t**3 - 1 - 11*t + 9*t - t**3 + 40*t**3 - 18*t**3 - 8*t**3. Let v be (-4)/1*(-1)/(-2). Calculate i(v).
-5
Let v(b) = -b**3 - b**2 - 11*b + 2. Let y(c) = -c**2 - c. Let x(h) = v(h) - 6*y(h). Suppose 243*j = 248*j + 450. Let w be (-54)/j + 24/10. What is x(w)?
5
Let n(h) = -349*h - 4. Let y(u) = -70*u. Let r(b) = -n(b) + 5*y(b). Suppose 2 = t + 11. What is r(t)?
13
Let d(s) be the first derivative of -s**4/4 - 50*s**3/3 - 97*s**2/2 - 41*s + 2100. Calculate d(-48).
7
Let j = -235 + 137. Let l = 115 + j. Let f(y) = -y**3 + 16*y**2 + 18*y - 14. What is f(l)?
3
Suppose 0 = 2*y + 10, 2*m - 11 - 13 = 4*y. Let j(l) = 3*l + 55 - 14 + l**m - 20 - 15 - 15. Give j(-6).
9
Let v(t) = -7*t. Let d = 674 - 76. Suppose -3*a - 107 = 5*y - d, -4*y = a - 397. Let o = y - 99. What is v(o)?
-7
Let l(m) = 48*m**2 - 200*m + 40. Let h be l(4). Let b(n) = n + 21. Let i(j) = 2*j + 22. Let z(s) = 5*b(s) - 4*i(s). Calculate z(h).
-7
Let q(u) = u**2 - 15*u. Suppose -5*l + 2*o = -75, o - 151 + 129 = -l. Give q(l).
34
Let b(a) = a**3 - 5*a**2 - 6*a + 6. Let i be (-42)/(-14)*(-44)/6. Let m be (0 - 3)/3 - (1 - i). Let h be ((-2)/m*27)/((-6)/(-16)). Determine b(h).
6
Let a be ((-5)/(-30))/((-24)/288). Let s(v) = -v + v + v + v**3 + 2*v**2 - 2. What is s(a)?
-4
Let t = 0 - -2. Let o(c) = 4*c + 5 - 4*c - t*c. Let b(u) = u**3 + 26*u**2 - 61*u - 146. Let h be b(-28). What is o(h)?
17
Let m be (1/(-1))/(2/(-52)). Let r(j) = 3*j**3 + 4 + j - 4*j**3 - m + 4. Calculate r(0).
-18
Let g(l) = -3*l**3 - l**2 + l. Suppose -126 + 187 = 61*w. What is g(w)?
-3
Let r = -1175 - -1175. Let i(g) be the third derivative of -g**3 - 13*g**2 + 1/12*g**4 + r*g + 0. What is i(6)?
6
Let w(k) be the third derivative of -11*k**5/60 + k**4/2 - k**3/3 - 7*k**2 + 295*k - 1. Determine w(4).
-130
Let u(k) be the third derivative of k**5/15 - 5*k**4/24 - 11*k**2 - 5. Let r be u(2). Let b(s) = s**2 - 14*s + 9. Give b(r).
-39
Let z be (-745)/(-25) - 30 - ((-1)/(-4))/(-1). Let y(t) be the second derivative of 0 + 0*t**3 - 1/12*t**4 + 1/2*t**2 + 18*t - z*t**5. Give y(-1).
1
Let x(f) = f**3 - 10*f**2 - 10*f - 4. Let b be x(11). Let s = b + -10. Let v(y) = 13*y - 364. Let t(j) = 7*j - 208. Let n(a) = 7*t(a) - 4*v(a). Give n(s).
9
Let s(b) be the second derivative of -1/6*b**3 - 156*b + 0 - 1/12*b**4 - 4*b**2. What is s(0)?
-8
Let c(o) be the third derivative of o**5/12 + o**4/3 - 4*o**3/3 - 1156*o**2. What is c(5)?
157
Let u = -85241 - -85235. Let j(z) = -4*z**3 - 10*z**2 - 11*z - 11. Let g(k) = 11*k**3 + 29*k**2 + 32*k + 34. Let m(x) = -3*g(x) - 8*j(x). Determine m(u).
-2
Let q(r) = 43 - 7*r - 9*r - 46 + 17*r. Let n(f) = 1. Let w(g) = 2*n(g) - q(g). Give w(10).
-5
Let m(z) = z + 12. Suppose -2*g + 115 + 314 = -35*g. Give m(g).
-1
Let q(o) be the third derivative of 11*o**4/12 + 35*o**3/6 + 209*o**2. Let n(a) = -10*a - 17. Let j(l) = 9*n(l) + 4*q(l). What is j(-5)?
-3
Let b(d) = -5*d - 19. Suppose -2*o + 4*q - 40 = 0, -q = 13*o - 16*o - 30. What is b(o)?
21
Let m(z) = -4*z**2 - 175*z + 174. Let i be m(1). Let y(k) be the second derivative of -k**5/20 - 5*k**4/12 - k**3/3 + 3*k**2 - k. Calculate y(i).
16
Let n(u) = -3*u**3 + 5*u**3 + 6*u**2 - 10*u - 3*u**3 - 14 + 6*u**2. Suppose 0 = 3*o - 8*y + 3*y + 1336, y = o + 444. Let z = -431 - o. Determine n(z).
-3
Let w(p) = 10*p**3 + 12*p**2 + 22*p - 1. Let r(f) = 5*f**3 + 5*f**2 + 10*f - 1. Let n(y) = 7*r(y) - 3*w(y). Calculate n(1).
4
Let x = -38 + 34. Suppose 2*c = f + 9, c = 4*f - 6*f - 8. Let l(p) = -3 + 6 - 2 + p + c. Give l(x).
-1
Suppose d + s + 2 = 0, -d - 22*s + 19*s = -2. Let n(j) = j**3 + 6*j**2 + 3*j - 3. Calculate n(d).
17
Let h(j) = -j**3 + 8*j**2 - 41*j - 7. Let u(s) = s**3 - 9*s**2 + 27*s + 8. Let g(m) = 3*h(m) + 4*u(m). Calculate g(13).
-15
Let j(w) = -w**3 - w**2 - w + 3. Let p be j(0). Let u(q) = q + 0*q - q**p - q**2 + 0*q. Let f = -231 - -231. Calculate u(f).
0
Let h(v) = -4*v**2 + 195 - 2*v**2 + 4*v**2 + 23*v - 409 + 194. Calculate h(10).
10
Let y = -36045 + 36044. Let v(g) = 2*g**2 - 16*g - 2. Give v(y).
16
Let m(r) be the second derivative of r**3/6 + 7*r**2 - 393*r + 1. Calculate m(-5).
9
Le